[INFO] fetching crate snarkvm-dpc 0.2.2...
[INFO] building snarkvm-dpc-0.2.2 against master#ff34b919075f35a1787659e9c448a34b06bab8de for issue-85264
[INFO] extracting crate snarkvm-dpc 0.2.2 into /workspace/builds/worker-13/source
[INFO] validating manifest of crates.io crate snarkvm-dpc 0.2.2 on toolchain ff34b919075f35a1787659e9c448a34b06bab8de
[INFO] running `Command { std: "/workspace/cargo-home/bin/cargo" "+ff34b919075f35a1787659e9c448a34b06bab8de" "metadata" "--manifest-path" "Cargo.toml" "--no-deps", kill_on_drop: false }`
[INFO] started tweaking crates.io crate snarkvm-dpc 0.2.2
[INFO] finished tweaking crates.io crate snarkvm-dpc 0.2.2
[INFO] tweaked toml for crates.io crate snarkvm-dpc 0.2.2 written to /workspace/builds/worker-13/source/Cargo.toml
[INFO] running `Command { std: "/workspace/cargo-home/bin/cargo" "+ff34b919075f35a1787659e9c448a34b06bab8de" "generate-lockfile" "--manifest-path" "Cargo.toml" "-Zno-index-update", kill_on_drop: false }`
[INFO] [stderr]     Blocking waiting for file lock on package cache
[INFO] running `Command { std: "/workspace/cargo-home/bin/cargo" "+ff34b919075f35a1787659e9c448a34b06bab8de" "fetch" "--manifest-path" "Cargo.toml", kill_on_drop: false }`
[INFO] [stderr]     Blocking waiting for file lock on package cache
[INFO] running `Command { std: "docker" "create" "-v" "/var/lib/crater-agent-workspace/builds/worker-13/target:/opt/rustwide/target:rw,Z" "-v" "/var/lib/crater-agent-workspace/builds/worker-13/source:/opt/rustwide/workdir:ro,Z" "-v" "/var/lib/crater-agent-workspace/cargo-home:/opt/rustwide/cargo-home:ro,Z" "-v" "/var/lib/crater-agent-workspace/rustup-home:/opt/rustwide/rustup-home:ro,Z" "-e" "SOURCE_DIR=/opt/rustwide/workdir" "-e" "CARGO_TARGET_DIR=/opt/rustwide/target" "-e" "CARGO_HOME=/opt/rustwide/cargo-home" "-e" "RUSTUP_HOME=/opt/rustwide/rustup-home" "-w" "/opt/rustwide/workdir" "-m" "1610612736" "--user" "0:0" "--network" "none" "ghcr.io/rust-lang/crates-build-env/linux@sha256:20528e8c29e4536546f0102ce88568b16ea7538393a33fcca951030f7af10457" "/opt/rustwide/cargo-home/bin/cargo" "+ff34b919075f35a1787659e9c448a34b06bab8de" "metadata" "--no-deps" "--format-version=1", kill_on_drop: false }`
[INFO] [stdout] 6710d9d92665850184b26825398ff6d3314a0e8517ea2f99c121e57d199ac626
[INFO] [stderr] WARNING: Your kernel does not support swap limit capabilities or the cgroup is not mounted. Memory limited without swap.
[INFO] running `Command { std: "docker" "start" "-a" "6710d9d92665850184b26825398ff6d3314a0e8517ea2f99c121e57d199ac626", kill_on_drop: false }`
[INFO] running `Command { std: "docker" "inspect" "6710d9d92665850184b26825398ff6d3314a0e8517ea2f99c121e57d199ac626", kill_on_drop: false }`
[INFO] running `Command { std: "docker" "rm" "-f" "6710d9d92665850184b26825398ff6d3314a0e8517ea2f99c121e57d199ac626", kill_on_drop: false }`
[INFO] [stdout] 6710d9d92665850184b26825398ff6d3314a0e8517ea2f99c121e57d199ac626
[INFO] running `Command { std: "docker" "create" "-v" "/var/lib/crater-agent-workspace/builds/worker-13/target:/opt/rustwide/target:rw,Z" "-v" "/var/lib/crater-agent-workspace/builds/worker-13/source:/opt/rustwide/workdir:ro,Z" "-v" "/var/lib/crater-agent-workspace/cargo-home:/opt/rustwide/cargo-home:ro,Z" "-v" "/var/lib/crater-agent-workspace/rustup-home:/opt/rustwide/rustup-home:ro,Z" "-e" "SOURCE_DIR=/opt/rustwide/workdir" "-e" "CARGO_TARGET_DIR=/opt/rustwide/target" "-e" "CARGO_INCREMENTAL=0" "-e" "RUST_BACKTRACE=full" "-e" "RUSTFLAGS=--cap-lints=forbid" "-e" "CARGO_HOME=/opt/rustwide/cargo-home" "-e" "RUSTUP_HOME=/opt/rustwide/rustup-home" "-w" "/opt/rustwide/workdir" "-m" "1610612736" "--user" "0:0" "--network" "none" "ghcr.io/rust-lang/crates-build-env/linux@sha256:20528e8c29e4536546f0102ce88568b16ea7538393a33fcca951030f7af10457" "/opt/rustwide/cargo-home/bin/cargo" "+ff34b919075f35a1787659e9c448a34b06bab8de" "build" "--frozen" "--message-format=json", kill_on_drop: false }`
[INFO] [stdout] 3bb142498118d1174442a4cbf5a78c2ab987d22d771ab6ea577b004fbc45eeea
[INFO] [stderr] WARNING: Your kernel does not support swap limit capabilities or the cgroup is not mounted. Memory limited without swap.
[INFO] running `Command { std: "docker" "start" "-a" "3bb142498118d1174442a4cbf5a78c2ab987d22d771ab6ea577b004fbc45eeea", kill_on_drop: false }`
[INFO] [stderr]    Compiling autocfg v1.0.1
[INFO] [stderr]    Compiling libc v0.2.95
[INFO] [stderr]    Compiling proc-macro2 v1.0.27
[INFO] [stderr]    Compiling version_check v0.9.3
[INFO] [stderr]    Compiling syn v1.0.72
[INFO] [stderr]    Compiling cfg-if v1.0.0
[INFO] [stderr]    Compiling serde_derive v1.0.126
[INFO] [stderr]    Compiling serde v1.0.126
[INFO] [stderr]    Compiling cc v1.0.68
[INFO] [stderr]    Compiling pkg-config v0.3.19
[INFO] [stderr]    Compiling typenum v1.13.0
[INFO] [stderr]    Compiling crossbeam-utils v0.8.5
[INFO] [stderr]    Compiling lazy_static v1.4.0
[INFO] [stderr]    Compiling ppv-lite86 v0.2.10
[INFO] [stderr]    Compiling crossbeam-epoch v0.9.5
[INFO] [stderr]    Compiling rayon-core v1.9.1
[INFO] [stderr]    Compiling scopeguard v1.1.0
[INFO] [stderr]    Compiling either v1.6.1
[INFO] [stderr]    Compiling subtle v2.4.0
[INFO] [stderr]    Compiling byteorder v1.4.3
[INFO] [stderr]    Compiling opaque-debug v0.3.0
[INFO] [stderr]    Compiling hashbrown v0.9.1
[INFO] [stderr]    Compiling cpufeatures v0.1.4
[INFO] [stderr]    Compiling snarkvm-profiler v0.2.3
[INFO] [stderr]    Compiling smallvec v1.6.1
[INFO] [stderr]    Compiling curl v0.4.38
[INFO] [stderr]    Compiling openssl-probe v0.1.4
[INFO] [stderr]    Compiling hex v0.4.3
[INFO] [stderr]    Compiling base58 v0.1.0
[INFO] [stderr]    Compiling bech32 v0.6.0
[INFO] [stderr]    Compiling itertools v0.10.0
[INFO] [stderr]    Compiling fxhash v0.2.1
[INFO] [stderr]    Compiling memoffset v0.6.4
[INFO] [stderr]    Compiling indexmap v1.6.2
[INFO] [stderr]    Compiling rayon v1.5.1
[INFO] [stderr]    Compiling num-traits v0.2.14
[INFO] [stderr]    Compiling num-integer v0.1.44
[INFO] [stderr]    Compiling proc-macro-error-attr v1.0.4
[INFO] [stderr]    Compiling proc-macro-error v1.0.4
[INFO] [stderr]    Compiling generic-array v0.14.4
[INFO] [stderr]    Compiling crossbeam-channel v0.5.1
[INFO] [stderr]    Compiling quote v1.0.9
[INFO] [stderr]    Compiling crossbeam-deque v0.8.0
[INFO] [stderr]    Compiling libz-sys v1.1.3
[INFO] [stderr]    Compiling openssl-sys v0.9.63
[INFO] [stderr]    Compiling curl-sys v0.4.44+curl-7.77.0
[INFO] [stderr]    Compiling getrandom v0.2.3
[INFO] [stderr]    Compiling num_cpus v1.13.0
[INFO] [stderr]    Compiling socket2 v0.4.0
[INFO] [stderr]    Compiling time v0.1.43
[INFO] [stderr]    Compiling rand_core v0.6.2
[INFO] [stderr]    Compiling digest v0.9.0
[INFO] [stderr]    Compiling block-buffer v0.9.0
[INFO] [stderr]    Compiling crypto-mac v0.8.0
[INFO] [stderr]    Compiling blake2 v0.9.1
[INFO] [stderr]    Compiling sha2 v0.9.5
[INFO] [stderr]    Compiling rand_chacha v0.3.0
[INFO] [stderr]    Compiling rand_xorshift v0.3.0
[INFO] [stderr]    Compiling rand v0.8.3
[INFO] [stderr]    Compiling thiserror-impl v1.0.25
[INFO] [stderr]    Compiling derivative v2.2.0
[INFO] [stderr]    Compiling thiserror v1.0.25
[INFO] [stderr]    Compiling toml v0.5.8
[INFO] [stderr]    Compiling bincode v1.3.3
[INFO] [stderr]    Compiling chrono v0.4.19
[INFO] [stderr]    Compiling proc-macro-crate v0.1.5
[INFO] [stderr]    Compiling snarkvm-derives v0.2.3
[INFO] [stderr]    Compiling snarkvm-utilities v0.2.3
[INFO] [stderr]    Compiling snarkvm-fields v0.2.3
[INFO] [stderr]    Compiling snarkvm-curves v0.2.3
[INFO] [stderr]    Compiling snarkvm-r1cs v0.2.3
[INFO] [stderr]    Compiling snarkvm-algorithms v0.2.3
[INFO] [stderr]    Compiling snarkvm-parameters v0.2.3
[INFO] [stderr]    Compiling snarkvm-gadgets v0.2.3
[INFO] [stderr]    Compiling snarkvm-objects v0.2.3
[INFO] [stderr]    Compiling snarkvm-dpc v0.2.2 (/opt/rustwide/workdir)
[INFO] [stdout] error[E0308]: mismatched types
[INFO] [stdout]    --> src/base_dpc/mod.rs:981:17
[INFO] [stdout]     |
[INFO] [stdout] 981 |                 ledger.parameters().clone(),
[INFO] [stdout]     |                 ^^^^^^^^^^^^^^^^^^^^^^^^^^^ expected associated type, found struct `Arc`
[INFO] [stdout]     |
[INFO] [stdout]     = note: expected associated type `<Components as BaseDPCComponents>::MerkleParameters`
[INFO] [stdout]                         found struct `Arc<<Components as BaseDPCComponents>::MerkleParameters>`
[INFO] [stdout]     = help: consider constraining the associated type `<Components as BaseDPCComponents>::MerkleParameters` to `Arc<<Components as BaseDPCComponents>::MerkleParameters>` or calling a method that returns `<Components as BaseDPCComponents>::MerkleParameters`
[INFO] [stdout]     = note: for more information, visit https://doc.rust-lang.org/book/ch19-03-advanced-traits.html
[INFO] [stdout] 
[INFO] [stdout] 
[INFO] [stdout] error[E0308]: mismatched types
[INFO] [stdout]     --> src/base_dpc/mod.rs:1014:36
[INFO] [stdout]      |
[INFO] [stdout] 1014 |                 ledger_parameters: ledger.parameters().clone(),
[INFO] [stdout]      |                                    ^^^^^^^^^^^^^^^^^^^^^^^^^^^ expected associated type, found struct `Arc`
[INFO] [stdout]      |
[INFO] [stdout]      = note: expected associated type `<Components as BaseDPCComponents>::MerkleParameters`
[INFO] [stdout]                          found struct `Arc<<Components as BaseDPCComponents>::MerkleParameters>`
[INFO] [stdout]      = help: consider constraining the associated type `<Components as BaseDPCComponents>::MerkleParameters` to `Arc<<Components as BaseDPCComponents>::MerkleParameters>` or calling a method that returns `<Components as BaseDPCComponents>::MerkleParameters`
[INFO] [stdout]      = note: for more information, visit https://doc.rust-lang.org/book/ch19-03-advanced-traits.html
[INFO] [stdout] 
[INFO] [stdout] 
[INFO] [stdout] error[E0308]: mismatched types
[INFO] [stdout]     --> src/base_dpc/mod.rs:1042:17
[INFO] [stdout]      |
[INFO] [stdout] 1042 |                 ledger.parameters().clone(),
[INFO] [stdout]      |                 ^^^^^^^^^^^^^^^^^^^^^^^^^^^ expected associated type, found struct `Arc`
[INFO] [stdout]      |
[INFO] [stdout]      = note: expected associated type `<Components as BaseDPCComponents>::MerkleParameters`
[INFO] [stdout]                          found struct `Arc<<Components as BaseDPCComponents>::MerkleParameters>`
[INFO] [stdout]      = help: consider constraining the associated type `<Components as BaseDPCComponents>::MerkleParameters` to `Arc<<Components as BaseDPCComponents>::MerkleParameters>` or calling a method that returns `<Components as BaseDPCComponents>::MerkleParameters`
[INFO] [stdout]      = note: for more information, visit https://doc.rust-lang.org/book/ch19-03-advanced-traits.html
[INFO] [stdout] 
[INFO] [stdout] 
[INFO] [stdout] error[E0308]: mismatched types
[INFO] [stdout]     --> src/base_dpc/mod.rs:1174:32
[INFO] [stdout]      |
[INFO] [stdout] 1174 |             ledger_parameters: ledger.parameters().clone(),
[INFO] [stdout]      |                                ^^^^^^^^^^^^^^^^^^^^^^^^^^^ expected associated type, found struct `Arc`
[INFO] [stdout]      |
[INFO] [stdout]      = note: expected associated type `<Components as BaseDPCComponents>::MerkleParameters`
[INFO] [stdout]                          found struct `Arc<<Components as BaseDPCComponents>::MerkleParameters>`
[INFO] [stdout]      = help: consider constraining the associated type `<Components as BaseDPCComponents>::MerkleParameters` to `Arc<<Components as BaseDPCComponents>::MerkleParameters>` or calling a method that returns `<Components as BaseDPCComponents>::MerkleParameters`
[INFO] [stdout]      = note: for more information, visit https://doc.rust-lang.org/book/ch19-03-advanced-traits.html
[INFO] [stdout] 
[INFO] [stdout] 
[INFO] [stdout] error: aborting due to 4 previous errors
[INFO] [stdout] 
[INFO] [stdout] 
[INFO] [stdout] For more information about this error, try `rustc --explain E0308`.
[INFO] [stdout] 
[INFO] [stderr] error: could not compile `snarkvm-dpc`
[INFO] [stderr] 
[INFO] [stderr] To learn more, run the command again with --verbose.
[INFO] running `Command { std: "docker" "inspect" "3bb142498118d1174442a4cbf5a78c2ab987d22d771ab6ea577b004fbc45eeea", kill_on_drop: false }`
[INFO] running `Command { std: "docker" "rm" "-f" "3bb142498118d1174442a4cbf5a78c2ab987d22d771ab6ea577b004fbc45eeea", kill_on_drop: false }`
[INFO] [stdout] 3bb142498118d1174442a4cbf5a78c2ab987d22d771ab6ea577b004fbc45eeea
